 factors of 3954556.
2, 29, 73, 467
What are the prime factors of 49434935?
5, 11, 23, 39079
What are the prime factors of 19874511?
3, 736093
List the prime factors of 1277990013.
3, 425996671
List the prime factors of 636039870.
2, 3, 5, 17, 73361
List the prime factors of 6275946905.
5, 19, 66062599
What are the prime factors of 453641629?
7, 64805947
List the prime factors of 50615941.
50615941
What are the prime factors of 4835900803?
401, 12059603
What are the prime factors of 40885791?
3, 97, 109, 1289
List the prime factors of 110812632.
2, 3, 7, 37, 17827
List the prime factors of 2749153727.
97, 2851, 9941
What are the prime factors of 226994242?
2, 71, 1598551
What are the prime factors of 2088699460?
2, 5, 23, 4540651
List the prime factors of 89941697.
89941697
What are the prime factors of 407145478?
2, 17, 1879, 6373
List the prime factors of 1567068504.
2, 3, 65294521
List the prime factors of 21783154.
2, 17, 59, 10859
What are the prime factors of 58566323?
6691, 8753
List the prime factors of 51596212.
2, 173, 74561
List the prime factors of 47570817.
3, 7, 29, 11159
What are the prime factors of 1374945555?
3, 5, 157, 583841
List the prime factors of 6181427090.
2, 5, 233, 317, 8369
List the prime factors of 5764714892.
2, 17, 5387, 15737
What are the prime factors of 3205964462?
2, 109, 14706259
What are the prime factors of 1438785783?
3, 159865087
List the prime factors of 184869787.
184869787
List the prime factors of 180691602.
2, 3, 7, 13, 199, 1663
What are the prime factors of 310095090?
2, 3, 5, 3445501
List the prime factors of 52801055.
5, 10560211
List the prime factors of 39308251.
39308251
List the prime factors of 13724123.
7, 23, 85243
What are the prime factors of 16467422?
2, 8233711
List the prime factors of 5313070024.
2, 43, 89, 173539
List the prime factors of 3640008184.
2, 3511, 129593
What are the prime factors of 62032452?
2, 3, 691, 7481
What are the prime factors of 4128554?
2, 2064277
List the prime factors of 1254823065.
3, 5, 27884957
What are the prime factors of 415434029?
653, 636193
What are the prime factors of 105993834?
2, 3, 907, 19477
What are the prime factors of 103109785?
5, 3061, 6737
List the prime factors of 1090088102.
2, 19, 28686529
List the prime factors of 455047408.
2, 103, 419, 659
What are the prime factors of 2210825819?
5573, 396703
What are the prime factors of 48140744?
2, 6017593
List the prime factors of 946384519.
23, 41147153
What are the prime factors of 24490570?
2, 5, 13, 188389
List the prime factors of 38544369.
3, 19, 676217
List the prime factors of 6469694194.
2, 3234847097
List the prime factors of 2394364820.
2, 5, 643, 186187
List the prime factors of 587810070.
2, 3, 5, 233, 28031
What are the prime factors of 614945621?
19, 199, 162641
List the prime factors of 340728335.
5, 113, 263, 2293
List the prime factors of 831558715.
5, 13, 461, 27751
List the prime factors of 1821373285.
5, 17, 37, 579133
List the prime factors of 2604760082.
2, 277, 4701733
What are the prime factors of 2074527699?
3, 181, 521, 7333
What are the prime factors of 3132484984?
2, 43, 9106061
List the prime factors of 78906770.
2, 5, 113, 69829
List the prime factors of 6111435213.
3, 13, 17, 191, 16087
List the prime factors of 774493496.
2, 7, 151, 91591
List the prime factors of 456719238.
2, 3, 3067, 8273
What are the prime factors of 1029516574?
2, 514758287
What are the prime factors of 23353538?
2, 13, 898213
List the prime factors of 21771915.
3, 5, 11, 23, 5737
List the prime factors of 68356472.
2, 359, 23801
What are the prime factors of 254755870?
2, 5, 25475587
What are the prime factors of 605280499?
41, 389, 37951
What are the prime factors of 1915347615?
3, 5, 107, 1193363
List the prime factors of 151369818.
2, 3, 25228303
List the prime factors of 1984051541.
41, 3533, 13697
List the prime factors of 7621348125.
3, 5, 89, 109, 419
What are the prime factors of 212234687?
7, 977, 31033
List the prime factors of 73868145.
3, 5, 13, 17, 22283
List the prime factors of 1714825190.
2, 5, 13, 17, 775939
What are the prime factors of 43540604?
2, 17, 640303
List the prime factors of 86662387.
7, 71, 127, 1373
What are the prime factors of 4705663591?
43, 239, 263, 1741
What are the prime factors of 827432893?
7, 83, 359, 3967
List the prime factors of 570031511.
7, 29, 67, 41911
What are the prime factors of 262081750?
2, 5, 7, 31, 4831
List the prime factors of 4104867691.
4104867691
What are the prime factors of 1191329525?
5, 89, 569, 941
List the prime factors of 33174287.
1061, 31267
List the prime factors of 5629966.
2, 19, 148157
What are the prime factors of 5121063536?
2, 320066471
What are the prime factors of 107107463?
17, 163, 38653
What are the prime factors of 588589713?
3, 29, 751711
List the prime factors of 450526165.
5, 29, 3107077
List the prime factors of 586851015.
3, 5, 73, 535937
What are the prime factors of 1404419315?
5, 13, 1249, 17299
What are the prime factors of 207686243?
207686243
What are the prime factors of 194898221?
7, 337, 82619
List the prime factors of 29409046.
2, 14704523
What are the prime factors of 290108162?
2, 17, 8532593
List the prime factors of 52694765.
5, 97, 108649
What are the prime factors of 480259980?
2, 3, 5, 241, 11071
What are the prime factors of 465715194?
2, 3, 7, 19, 583603
List the prime factors of 117014939.
19, 6158681
What are the prime factors of 351834909?
3, 809, 144967
List the prime factors of 1488428044.
2, 53, 83, 84589
What are the prime factors of 108403735?
5, 11, 1970977
What are the prime factors of 1770039316?
2, 19, 97, 12637
List the prime factors of 9374508.
2, 3, 11, 13, 607
List the prime factors of 70009916.
2, 431, 40609
What are the prime factors of 40296862?
2, 20148431
List the prime factors of 263101330.
2, 5, 4721, 5573
What are the prime factors of 1370821577?
1370821577
List the prime factors of 859587081.
3, 286529027
List the prime factors of 723108791.
197, 3670603
List the prime factors of 516380951.
1063, 485777
What are the prime factors of 9023257?
199, 45343
List the prime factors of 149433673.
163, 916771
What are the prime factors of 1466338684?
2, 67, 5471413
List the prime factors of 1854369593.
34057, 54449
What are the prime factors of 36446280?
2, 3, 5, 13, 61, 383
What are the prime factors of 11194973?
269, 41617
What are the prime factors of 6285737513?
11, 53, 1277, 8443
List the prime factors of 60031711.
29, 151, 13709
What are the prime factors of 2094782263?
7, 299254609
List the prime factors of 21072898.
2, 7, 11, 193, 709
List the prime factors of 875484988.
2, 7, 43, 251, 2897
What are the prime factors of 441553349?
441553349
What are the prime factors of 947733115?
5, 7, 43, 629723
What are the prime factors of 20133726?
2, 3, 3355621
What are the prime factors of 2926425642?
2, 3, 7, 557, 125093
What are the prime factors of 327026236?
2, 23, 103, 34511
What are the prime factors of 241841279?
53, 4563043
List the prime factors of 734493456.
2, 3, 5100649
List the prime factors of 351349613.
179, 1962847
What are the prime factors of 38991805?
5, 29, 268909
List the prime factors of 30986660.
2, 5, 43, 137, 263
List the prime factors of 2120894994.
2, 3, 353482499
List the prime factors of 50948247.
3, 7, 2426107
What are the prime factors of 1861260235?
5, 19, 19592213
What are the prime factors of 1629200478?
2, 3, 379, 716447
What are the prime factors of 42090184?
2, 23, 228751
What are the prime factors of 3298285602?
2, 3, 769, 79427
List the prime factors of 319245679.
113, 1327, 2129
What are the prime factors of 1503006173?
97, 15494909
List the prime factors of 13956210.
2, 3, 5, 155069
What are the prime factors of 37564792?
2, 1697, 2767
What are the prime factors of 230874984?
2, 3, 3206597
List the prime factors of 271509034.
2, 37, 1051, 3491
List the prime factors of 47977050.
2, 3, 5, 11, 29077
List the prime factors of 40839432.
2, 3, 1701643
List the prime factors of 510035982.
2, 3, 41, 2073317
What are the prime factors of 236962612?
2, 157, 377329
What are the prime factors of 530727091?
6719, 78989
What are the prime factors of 5432541491?
13, 417887807
List the prime factors of 937495687.
6271, 149497
What are the